2*c = -10. Let b(j) = -9*j**2 - 3119*j + 1 + 3119*j. Determine b(d).
-8
Let c(y) = y**3 - 6*y**2 - 6*y - 1. Let r be (14/10)/((-6)/(-30)). Give c(r).
6
Let h(j) = 4*j. Let c = 10 + -5. Suppose c*y = 4*k - 21, 0 = k - 3*k + 8. What is h(y)?
-4
Let p be (-8)/(-6)*3/(-2). Let r be 2*2/((-8)/p). Let h(i) be the third derivative of -i**5/12 - i**4/12 + i**3/6 + 9*i**2. Determine h(r).
-6
Suppose -10 = 2*z, -4*j + 2*z + 30 + 12 = 0. Let p(t) = -2*t + 3. Determine p(j).
-13
Let a(x) = 3*x - 2. Let c(q) = -q**2 + 5*q + 2. Let t be c(5). Give a(t).
4
Let o(i) = -2*i - 1. Suppose 2*p = 4*k - 8, -5*k - 5*p + 28 = 3. Suppose -u - u = -h - k, -3*h - 4*u = -21. Calculate o(h).
-7
Let q(o) = 10*o**3 - 19*o**2 - 7*o + 6. Let w(g) = -3*g**3 + 6*g**2 + 2*g - 2. Let l(x) = 2*q(x) + 7*w(x). Suppose -t + 2 = -0. Determine l(t).
6
Let w(j) be the third derivative of 0*j**3 - 1/720*j**6 - 3*j**2 + 0 + 0*j - 1/120*j**5 - 1/8*j**4. Let s(b) be the second derivative of w(b). Give s(-4).
3
Let x(f) = f**2 - 6*f - 5. Let k = 20 + -13. Determine x(k).
2
Let f(u) be the second derivative of u**3/6 - 3*u**2/2 + u. What is f(4)?
1
Let n = -2 - -4. Suppose -d - 1 = -n. Let m(w) = -7 + 4 + 2 + 2 + 2*w. Calculate m(d).
3
Let b be (-4 + -8)/(-2)*(-2)/6. Let n(v) = 2*v**3 + 3*v**2 + 2*v + 2. What is n(b)?
-6
Let l(t) = 6*t. Let y be 1/((-6)/(-4) + -1). Suppose -2*a + 0*a - y = 0, -5*a - 1 = 4*n. Suppose 3*r = 2*r - n. Determine l(r).
-6
Let a(m) = m**3 + 5*m**2 + 2*m - 1. Let h(b) be the first derivative of 5*b**4/4 + b**3/3 - 5. Let y be h(-1). Calculate a(y).
7
Let s(c) = 3*c - 4. Let a(q) = 3*q - 4. Let n(g) = -3*a(g) + 4*s(g). Let p = -3 + 7. Calculate n(p).
8
Let i be (-18)/(-4) - (-2)/4. Let d = -6 + i. Let o(z) = -4*z**2. Let j be o(d). Let w(k) = -k**3 - 3*k**2 + 3*k + 1. What is w(j)?
5
Let s(k) = -4*k - 1. Let m(g) = 6*g + 1. Let j(d) = 5*d + 1. Let f(q) = 7*j(q) - 6*m(q). Let c(u) = -3*f(u) + s(u). Determine c(-5).
1
Let y(o) = -o + 5. Let h(r) = r - 1. Let m be h(1). Suppose m = 2*s + 3 - 7. Suppose 2*g = -2*f + 18, -f - s*f = g - 17. Determine y(g).
0
Let o(h) = 1 + 0*h + 2 + 4*h. Let f(q) = -3*q + 1. Let d be f(1). Determine o(d).
-5
Let y(m) = 11*m - 12. Let h(u) = -2*u + 2. Let n(k) = 34*h(k) + 6*y(k). What is n(-5)?
6
Let n(h) = -h**2 + 9*h - 6. Let o = -12 + 20. Give n(o).
2
Let g(t) = 2*t**2 + 5*t - 17. Let p(q) = -q**2 - 2*q + 9. Let h(y) = -y**3 - 4*y**2 - 3*y - 5. Let k be h(-4). Let w(a) = k*p(a) + 4*g(a). Give w(-6).
-5
Let r(g) be the first derivative of 2*g**2 - 3*g - 13. Let q(t) = -t - 9. Let j be q(-11). Give r(j).
5
Let l(f) = -4*f**3. Let q(t) = -7*t**3 + t + 1. Let r(p) = -5*l(p) + 3*q(p). Let u = -8 + 6. What is r(u)?
5
Let j(c) be the second derivative of -c**4/12 + c**3/6 - 2*c**2 + 2*c. Let g be (-4)/12 + 1/3. Let l be j(g). Let k(d) = d**3 + 3*d**2 - 4*d + 3. Give k(l).
3
Let b(y) be the third derivative of 5*y**4/24 - y**3/6 - 3*y**2. Calculate b(1).
4
Let h(q) = q**2 + 2*q - 3. Suppose j + 4*b = b - 7, 3*b = -2*j - 14. Let p = j + 4. Determine h(p).
0
Let m(u) be the second derivative of 3*u + 0 - 1/20*u**5 - 3*u**2 + 3/2*u**3 + 1/2*u**4. Calculate m(7).
8
Let d(o) = -2*o**3 + o**2 - 2*o + 1. Let s(q) = -q**3 + q**2 - 2*q + 1. Let r(h) = 2*d(h) - 3*s(h). Determine r(1).
-1
Let d = 34 + -22. Suppose 2*y = -2*y + d. Let r(v) = -v**3 + 4*v**2 - 2*v + 1. What is r(y)?
4
Suppose -40 = 5*b + 2*f, -2*f = 4*b - 6*f + 32. Let c(n) = -n**2 - 7*n + 7. What is c(b)?
-1
Let c(d) = 2 - 7*d - 6 + 1 + 1. Give c(2).
-16
Let g(f) be the second derivative of 5/2*f**2 + 1/3*f**3 - 9*f + 0. Give g(4).
13
Let j(c) = 2*c + 1 - 3*c**3 + 1 - 601*c**2 + 604*c**2 - 1. Determine j(-2).
33
Let h(k) = 4*k**2 + 4*k - 1. Let n(f) = -f**2. Let a(z) = h(z) + 3*n(z). Calculate a(-3).
-4
Let i(a) = -a**2 - 7*a + 32. Let d be i(-10). Let c(m) = 2*m - 2. Determine c(d).
2
Suppose -n + 6 = -2*n. Let c(w) = w**3 + 6*w**2 - 2*w - 9. What is c(n)?
3
Let j(v) be the second derivative of -1/12*v**4 + 0 + 7/6*v**3 - 2*v**2 + 4*v. Let y be j(5). Let o(q) = -q**3 + 5*q**2 + 5*q + 3. Determine o(y).
-3
Let l(d) = -3*d + 3. Let n be l(2). Let t(o) = 4*o. Determine t(n).
-12
Let l(q) = q + 14. Let c = -5 + 5. Let x be l(c). Let u be (-4)/x + 92/28. Let h(i) = -i**2 + 2*i + 1. Calculate h(u).
-2
Suppose -4*v + 22 + 46 = 0. Suppose -3*f - x = -4*f + 4, 0 = 3*f - 4*x - v. Let b(m) = 3*m**2 - 2*m - 1. Determine b(f).
4
Let t(b) be the second derivative of b**5/20 - 5*b**4/12 + b**3/3 + 3*b**2/2 + 11*b. Calculate t(4).
-5
Let t = -11 + 17. Let o be (-16)/(-10)*15/t. Let m(l) = -l**3 + 4*l**2 + l - 4. Let c be m(o). Let a(h) = h - 6. Calculate a(c).
-6
Suppose 0 = -0*h + 3*h. Suppose h = -w - 3*w + 8. Suppose -12 = 3*f - 4*v, -4*f - 8 + w = -2*v. Let k(y) = y**2 + 1. Give k(f).
1
Let k(q) = q**3 - 5*q**2 + 4*q - 5. Let m = 9 - 5. Give k(m).
-5
Let p be 1/(2/(-4) + 1). Let m(a) be the third derivative of -a**6/120 + a**5/60 + a**4/24 + 3*a**2. What is m(p)?
-2
Let z(p) be the first derivative of -p**4/4 + 2*p**3 - p**2 - p - 20. What is z(5)?
14
Let k(n) = n - 5. Let x(u) = -5*u + 9. Let v be x(6). Let c = v + 25. Determine k(c).
-1
Let k(x) = x + 4. Let w be 4/14 + (-120)/(-21). Suppose -w*v - 24 = -2*v. What is k(v)?
-2
Let w(j) = 12*j**2 - 5*j**2 - 6*j**2 + 12 - j. Let i be 2/2 + 2 + -3. Give w(i).
12
Suppose 2 = -4*a - 6. Let v(f) = f**2 - 2*f. Give v(a).
8
Let p be (-5)/(-4) + 9/12. Suppose -p*k + 0 = -6. Let t(j) = 47*j - 47*j + 1 + 5*j**2 + j**k. Determine t(-5).
1
Let k(o) = -7*o - 1. Let r be k(-1). Let f = -10 + r. Let t(v) = 4*v**2 + 2*v - 5. Let c(j) = -3*j**2 - j + 4. Let p(d) = 5*c(d) + 4*t(d). Calculate p(f).
4
Let p(i) be the third derivative of -i**4/24 - i**3/3 + 3*i**2. Let c(y) = y - 1. Let b be c(-1). Let r = b + 6. Determine p(r).
-6
Let y(q) be the third derivative of 7*q**6/120 + q**5/60 + q**4/24 - 16*q**2. What is y(-1)?
-7
Let o(g) = g**3 + 49 + g**2 + 0*g**3 - 48 - 2*g. Calculate o(1).
1
Let c be (-8 + 2)/(-5 + 6). Let n(w) = -w**2 - 7*w - 5. Determine n(c).
1
Let d(f) = -f**3 + 4*f**2 + 4*f - 2. Let t be d(4). Let s = 10 - t. Let h(p) = 9*p - 9. Let l(g) = 5*g - 5. Let m(o) = 4*h(o) - 7*l(o). Calculate m(s).
-5
Suppose 0 = -5*l + 10, -l = 3*u - 4 + 2. Let o(r) = -2*r - 2*r**3 + u + 3*r - r**2 + 1. Let f(x) = x**3 + 5*x**2 + 4*x - 1. Let h be f(-4). Determine o(h).
1
Let m(i) = -3*i - 5. Let a be m(-4). Let h = -7 + a. Let n(l) = 0*l**3 - l**2 - l**3 + 0*l**3. Determine n(h).
0
Let p(g) = g**2 - 9*g + 8. Let r be p(8). Suppose -4*t + t + 6 = r. Suppose t + 14 = 4*o. Let u(h) = 3*h - 4. Determine u(o).
8
Let w(d) = 5*d. Let x be w(1). Suppose -3*i + 17 = x*p, 2*p - 8 = -2*p - i. Let v(y) = -3*y**2 - y + 1. What is v(p)?
-3
Suppose -3*g - 2 - 18 = 4*k, -2*g + 10 = -2*k. Let m(s) = -2 - 2*s + 3*s + g. What is m(6)?
4
Let i(a) = -a**3 + 4*a**2 + a - 7. Let y be i(3). Let m(d) = -3*d + 2*d - d**2 + 7 + 4*d. Calculate m(y).
-3
Let n be 1/(2 - (-15)/(-6)). Let r(y) = -y**2 + 2*y + 3. Let g be r(n). Let f(p) = p**3 + 6*p**2 + 8*p + 5. Calculate f(g).
-10
Let n(o) be the first derivative of o**2/2 + 31. Give n(-6).
-6
Let p = 0 + 1. Let y be 14/4 + p/2. Let s(m) = m - 1. Calculate s(y).
3
Let p(l) = 5*l**3 - l. Suppose 0 = -q + 3*q - 2. Determine p(q).
4
Let x(w) = w**2 + w + 1. Let u(z) = 7*z**2 + 7*z + 3. Let b(f) = u(f) - 6*x(f). Suppose -s = -2*s. Determine b(s).
-3
Let d = -7 - -6. Let r(q) = -q**3 + q - 1. Let t(w) = -4*w**3 - w**2 + 4*w - 2. Let y(h) = d*t(h) + 3*r(h). Calculate y(2).
9
Let v(b) = b**2 + 7*b + 4. Let o(u) = -u**3 + 5*u**2 + 6*u + 3. Let a be o(6). Suppose 6 = -m - 5*t, -3*m + a*t - 30 = 2*m. Calculate v(m).
-2
Suppose 0 = 4*f - 6 - 6. Suppose 2*w + 13 = p, -2*w = 2*w + f*p + 11. Let l(c) = c**3 + 5*c**2 - c + 3. What is l(w)?
8
Let v(u) = u**3 + 3*u**2 - 4*u + 4. Suppose i - 3*i = -3*y - 46, -10 = -2*i. Let q = y - -8. Give v(q).
4
Let v be (-26)/(-8) + 6/8. Let o = v - 6. Let y be (0 + 0 + o)/(-1). Let k(h) = -h**3 + 2*h**2 + 2*h - 2. Give k(y).
2
Let w(k) = k**3 - 5*k**2 + 3*k - 2. Let p be w(4). Let c be (-225)/(-21) - p/21. Let m(j) = -3 - 1 + c + j. What is m(0)?
7
Suppose -5*d - 2*v - 19 = -3, 0 = 4*d - 4*v + 24. Let y(g) = g**3 + 3*g**2 - 5*g + 3. Give y(d).
7
Suppose 0 = -5*b + 2*b + 9. Suppose 5*y + 16 = 2*k, 2*k - 32 = -2*k + 4*y. Let i(n) 